alculate s(24).
10
Let m(p) = -333834*p - 11350353. What is m(-34)?
3
Let o(j) = -7*j**2 - 888*j - 19305. Give o(-99).
0
Let p(q) = -3167*q + 1839. What is p(1)?
-1328
Let n(c) = 19*c**3 - 7*c**2 - 25*c + 275. Determine n(-6).
-3931
Let r(x) = 149*x**2 - 675*x + 23. Give r(5).
373
Let t(p) = 2*p**3 + 82*p**2 - 373*p + 15. Calculate t(4).
-37
Let s(h) = h**3 - 194*h**2 - 820*h - 102. Calculate s(-4).
10
Let h(o) = -51440*o - 977370. Give h(-19).
-10
Let v(n) = -131*n + 5997. Determine v(46).
-29
Let n(o) = -66855*o - 3877585. Calculate n(-58).
5
Let r(f) = f**3 - 28*f**2 + 51*f + 687. What is r(24)?
-393
Let b(z) = 7*z**3 - 1123*z**2 - 647*z + 472. What is b(161)?
-11
Let a(y) = -y**2 + 7379*y + 296692. Give a(-40).
-68
Let z(f) = 4*f**2 + 312*f + 1333. Calculate z(-5).
-127
Let m(f) = 205*f**3 + 11684*f**2 - 361*f - 17308. Calculate m(-57).
20
Let u(o) = 8*o**3 - 28*o**2 - 230*o + 2245. Calculate u(9).
3739
Let u(n) = -n**2 - 612*n - 61537. Give u(-127).
58
Let h(f) = -f**2 + 823*f - 61927. Determine h(84).
149
Let i(r) = -r**2 - 120231*r - 9732162. Determine i(-81).
-12
Let m(w) = -116*w**3 + 1738*w**2 + 31*w + 19. What is m(15)?
34
Let w(d) = -d**2 + 15238*d - 410693. Give w(27).
4
Let a(o) = 27*o**2 - 3536*o - 22179. Give a(-6).
9
Let f(j) = -j**2 - 2549*j + 43670. Determine f(17).
48
Let x(j) = -46*j + 1912. What is x(0)?
1912
Let i(m) = -33911*m - 746032. Calculate i(-22).
10
Let m(z) = 100*z + 1527. What is m(-11)?
427
Let r(x) = x**2 - 1093*x + 105481. Determine r(107).
-21
Let r(c) = -2*c**3 + 29*c**2 - 186*c + 54. Determine r(7).
-513
Let f(m) = m**3 + 99*m**2 + 2355*m - 200. Give f(-59).
95
Let h(a) = -13*a**3 + 64*a**2 - 588*a + 2941. Calculate h(5).
-24
Let v(k) = -190335*k + 22269186. Calculate v(117).
-9
Let h(a) = 2*a**2 + 1612*a - 17977. Give h(11).
-3
Let u(b) = 2*b**3 - 666*b**2 - 11180*b + 4196. Determine u(349).
8
Let g(m) = 17*m + 2271. Determine g(-141).
-126
Let x(u) = -u**3 + 45*u**2 + 172*u - 2039. What is x(48)?
-695
Let p(m) = 8*m**3 - 32*m**2 - 179*m + 743. Calculate p(4).
27
Let w(i) = 106*i**2 + 254*i + 520. Give w(-2).
436
Let c(f) = -f**2 + 1034*f - 232655. What is c(703)?
38
Let j(l) = -l**2 - 521*l + 20020. Give j(36).
-32
Let d(c) = -25*c**2 - 9150*c + 1. What is d(-366)?
1
Let c(r) = -r**2 - 260*r - 16842. Give c(-140).
-42
Let c(m) = -3*m**3 + 252*m**2 + 1000*m - 41. Calculate c(-4).
183
Let q(l) = 11724*l + 11344. Calculate q(-1).
-380
Let s(u) = 25945*u**2 - 103796*u - 2. What is s(4)?
-66
Let c(z) = -3188*z + 408047. Calculate c(128).
-17
Let s(g) = -g**2 + 276461*g - 1658721. Give s(6).
9
Let r(w) = -13*w**2 - 60*w - 171. What is r(-3)?
-108
Let b(g) = 5*g**2 + 553*g - 4461. Calculate b(-119).
537
Let j(z) = -z**3 - 237*z**2 - 673*z + 6784. Determine j(-234).
-2
Let u(k) = 158*k + 39772. Determine u(-252).
-44
Let d(f) = 8*f**2 - 13234*f + 26447. Calculate d(2).
11
Let p(r) = -18*r**3 - 11*r**2 + 47345*r + 47343. Determine p(-1).
5
Let f(t) = -t**2 + 17370*t + 330389. Give f(-19).
-2
Let m(o) = o**2 + 4*o - 2137. Determine m(68).
2759
Let g(b) = -b**3 + 183*b**2 + 370*b - 346. What is g(185)?
-346
Let r(a) = 4611*a - 32161. Determine r(7).
116
Let w(i) = 16456*i - 2863304. Calculate w(174).
40
Let d(x) = 1130749*x + 2261494. Give d(-2).
-4
Let q(l) = 13692*l - 69095. Determine q(5).
-635
Let k(b) = 133*b - 11476. Give k(90).
494
Let u(l) = 27*l**2 + 1698*l + 1663. Give u(-62).
175
Let c(t) = -3901*t - 123977. Calculate c(-32).
855
Let a(b) = -6*b**3 - 5657*b**2 + 758*b - 174466. Calculate a(-943).
-11
Let s(y) = 10402*y - 93422. What is s(9)?
196
Let y(r) = r**3 - 129*r**2 + 265*r - 2132. Determine y(127).
-735
Let g(v) = 19*v**3 + 360*v**2 - 13*v + 113. Give g(-19).
-1
Let b(x) = -x**2 + 158*x + 13080. What is b(-60)?
0
Let y(g) = 871*g - 3879. Determine y(4).
-395
Let y(s) = 82*s - 5372. What is y(62)?
-288
Let r(b) = -29*b**2 - 16484*b + 82517. Calculate r(5).
-628
Let k(v) = 27*v**2 - 361*v - 2921. Give k(-8).
1695
Let c(j) = -j**3 + 25*j**2 + 419*j - 9965. Calculate c(27).
-110
Let h(x) = 21*x**3 + 4*x**2 + 330*x - 332. What is h(1)?
23
Let m(z) = -z**2 - 3*z + 161. What is m(-14)?
7
Let o(j) = -j**3 + 7*j**2 + 842*j + 498. Calculate o(33).
-30
Let m(n) = 58*n - 7896. Give m(136).
-8
Let z(f) = 72*f**2 - 121*f - 431. What is z(-4)?
1205
Let k(g) = 3274*g + 667463. Calculate k(-204).
-433
Let d(o) = -o**3 - 67*o**2 - 535*o + 2180. Determine d(-13).
9
Let c(m) = -656*m**2 + 92*m - 73. Calculate c(2).
-2513
Let w(m) = 2903*m - 238077. Give w(82).
-31
Let x(t) = -70*t + 5448. Calculate x(-10).
6148
Let c(j) = 355853*j + 1779293. Give c(-5).
28
Let n(o) = -o**2 - 62*o + 20655. Determine n(116).
7
Let f(j) = 13*j**3 - 173*j**2 - 2*j - 11. Calculate f(0).
-11
Let l(j) = -j**3 - 12*j**2 + 199*j + 2868. What is l(-12)?
480
Let w(f) = -21*f**3 + 5*f**2 - 14*f + 6. Determine w(1).
-24
Let a(v) = -v**2 + 5814*v + 4879108. What is a(-744)?
-44
Let x(f) = -f**3 - 33*f**2 - 226*f - 10373. Calculate x(-34).
-1533
Let h(c) = -175*c**2 - 7874*c + 45. Give h(-45).
0
Let n(d) = d**3 - 12*d**2 - 1000*d + 12033. What is n(12)?
33
Let j(t) = -5*t**2 + 11564*t + 57990. Calculate j(-5).
45
Let h(t) = t**3 - 3350*t**2 + 23383*t - 1. Determine h(7).
-127
Let m(h) = 5161*h + 1429703. Determine m(-277).
106
Let c(a) = a**3 - 182*a**2 + 22*a - 4018. Determine c(182).
-14
Let k(n) = 39*n**2 - 1718*n + 7124. Give k(4).
876
Let d(z) = 4*z**3 + 36*z**2 - 378*z - 3314. Give d(-9).
88
Let o(y) = 3*y**3 + 23*y**2 - 398*y - 2697. Calculate o(-6).
-129
Let c(o) = 55*o**2 + 2866*o - 6. Give c(-52).
-318
Let a(b) = -701*b + 22955. Determine a(33).
-178
Let c(b) = 278591*b - 3900295. What is c(14)?
-21
Let d(q) = -942*q - 137544. Determine d(-146).
-12
Let m(u) = -u**2 + 140*u + 3172. Give m(-20).
-28
Let u(o) = 1926*o + 2957. What is u(-1)?
1031
Let z(s) = -7*s**2 + 90*s + 276. Calculate z(-3).
-57
Let y(u) = -9370032*u - 46850153. Calculate y(-5).
7
Let i(m) = -4151*m - 53979. Give i(-13).
-16
Let n(w) = -2299*w + 107591. Give n(47).
-462
Let f(k) = 228107*k + 4. Determine f(0).
4
Let j(k) = -12*k**2 - 14095*k - 28219. What is j(-2)?
-77
Let y(g) = g**3 - 130*g**2 - 416*g + 2458. Determine y(133).
197
Let u(v) = -v**3 - 59*v**2 - 590*v + 1359. Give u(-18).
-1305
Let x(q) = -54211*q - 1463700. What is x(-27)?
-3
Let l(t) = -347*t + 3842. Give l(11).
25
Let i(c) = -2*c**2 - 981*c + 53454. What is i(-540)?
-6
Let a(c) = 6854*c - 143937. Calculate a(21).
-3
Let n(l) = -4*l**2 + 404*l - 9682. Determine n(63).
-106
Let d(y) = -2*y**3 - 79*y**2 + 703*y - 32. Calculate d(8).
-488
Let l(f) = 2*f**3 + f**2 + 34*f + 19. Give l(6).
691
Let p(m) = 447*m + 98228. Determine p(-219).
335
Let b(w) = -w**3 - 335*w**2 + 6206*w + 334599. Determine b(-350).
-1
Let s(y) = -4*y**2 + 4362*y - 82908. Calculate s(19).
-1474
Let b(l) = 2*l**3 + 734*l**2 - 1910*l - 160150. What is b(-369)?
-4
Let j(y) = 751*y - 44525. Determine j(61).
1286
Let i(u) = 370*u + 78147. Determine i(-211).
77
Let a(b) = 192*b**3 + 5*b**2 + 103*b - 105. Calculate a(1).
195
Let i(p) = 292*p - 131998. Determine i(452).
-14
Let i(c) = 2779*c + 15923. Give i(-5).
2028
Let h(p) = 2*p**2 - 76*p + 330. What is h(49)?
1408
Let j(g) = 296*g + 40304. Give j(-136).
48
Let s(i) = 29*i + 2029. What is s(-106)?
-1045
Let t(a) = 2*a**3 + 79*a**2 + 1035*a + 4510. Give t(-15).
10
Let w(z) = -z**3 + 1085*z**2 - 219492*z - 3230. Determine w(269).
-2
Let l(m) = m**2 + 4216*m + 2335341. Determine l(-656).
-19
Let h(m) = -1125*m + 13448. What is h(12)?
-52
Let k(g) = -4*g**2 - 458*g + 4747. Determine k(-124).
35
Let n(g) = 262*g + 2098. Calculate n(-20).
-3142
Let u(t) = 8*t**2 - 1542*t - 4687. What is u(-3)?
11
Let h(q) = q**3 - 712*q**2 + q - 217. What is h(0)?
-217
Let m(c) = -2*c**3 + 403*c**2 + 167*c + 7058. Determine m(202).
-12
Let l(o) = -83*o**2 - 13190*o + 1265. Give l(-159).
152
Let r(a) = 65*a**3 - 3*a**2 - 521*a - 521. Determine r(-1).
-68
Let x(i) = -i**2 - 10579*i - 116169. Give x(-11).
79
Let p(t) = -1311*t + 527050. Calculate p(402).
28
Let o(n) = 3*n**2 - 12*n - 106. Give o(9).
29
Let g(y) = 22204*y + 177566. Give g(-8).
-66
Let x(n) = -n**3 + 248*n**2 - 265*n + 4860. Determine x(247).
414
Let p(n) = 339*n + 517. Determine p(-6).
-1517
Let p(a) = a**3 - 19*a**2 + 183*a - 3270. Calculate 